lue of 15 + (14 - 16) - -12 - 13?
12
3 - (29 - 26 - (-1 - 1) - 1)
-1
(-854 - -850) + 1 + (12 - 0) + -1
8
Calculate 16 - (18 - (43 - 28)).
13
What is the value of -60 + 104 + -45 + (-30 - 1 - -1)?
-31
(-1 - (1 - -1)) + (-11 - -23) + 6
15
What is the value of (29 - 5) + (-6 - -5) + -13?
10
Calculate 10 - -8 - (-16 - -13).
21
What is the value of (-10 - -6) + (31 - 14) - -19?
32
-1 - 21 - -28 - 7
-1
What is (21 - (-2 + 15 + -4 - 11)) + -4?
19
What is (4 + -13 - -1) + (2 - 4)?
-10
-166 + 168 + 4 + -4
2
Calculate (-2 - (2 - 10)) + (5 - 16).
-5
Calculate 5 + -13 + 16 - 1 - -12.
19
Calculate 101 - 101 - (-21 + -2 + -1 + 1).
23
-12 + (57 - 51) - (-7 + 1)
0
What is -37 + 27 + 2 + (2 + 0 - 4)?
-10
-2 - (-12 + 2 + -8)
16
What is the value of 11 + -8 + 0 + -2 + -1 + 1?
1
Evaluate (17 + -6 - (20 - -4)) + 1 + 5.
-7
What is 8 + (-52 + 0 - -22)?
-22
(-7 - -1) + (10 + -3 - 32)
-31
-7 + (-4 + -3 + 1 - -12)
-1
Evaluate -7 - (-7 + -2 + (15 - (3 + 3))).
-7
4 + 2 - (1 + (15 - -12))
-22
-2 + 9 + (1 - 16) + -23 + 9
-22
What is 10 - 1 - (15 - (4 + -1))?
-3
32 - 24 - (5 - 4 - -13)
-6
Evaluate 0 + 5 - 2 - (14 + 11 - 9).
-13
Calculate 0 + 10 - (-14 - (-28 - -14)).
10
What is the value of (6 + -1 - -1 - -2) + (8 - 4)?
12
Evaluate -41 - -9 - (-6 + -1) - 3.
-28
What is -6 - (-6 - -7 - (-5 - -4))?
-8
5 + (-7 + (7 - -1) - 5) + 5
6
What is the value of (-6 - 2) + -1 + (59 - 60)?
-10
Evaluate (3 + -10 - 18) + (-3 - (6 - 19)).
-15
What is the value of 14 - (-5 + 1 - -24) - (-1 + 8)?
-13
Calculate 14 - (1 + 19 - 13) - -3.
10
What is -43 - (-32 - -15) - -35?
9
4 + -2 - (11 + 11 + -11)
-9
Calculate -3 - (5 + (-3 - 1)) - (-15 + 33).
-22
What is the value of 17 + (-2 - 10) + (-3 + -1 - -8)?
9
What is 5 - 1 - (3 - (5 - 6)) - -8?
8
What is -1 + (4 + 2 + -3 - 10 - 5)?
-13
Calculate -5 - (1 - (-10 - -13)).
-3
What is 13 + (6 - (1 - 3))?
21
What is -80 - -94 - (-6 - -16)?
4
What is the value of -3 + 5 + (6 - 27)?
-19
What is 11 + -10 + -5 - -14 - 1?
9
-13 + 1 - (-1 + -7)
-4
Evaluate 31 + -34 + 0 - (-24 - -3).
18
What is (-1 - (33 + 3 + -11) - -10) + -7?
-23
What is the value of -6 + (5 - 7 - (1 + -4)) - -19?
14
Evaluate (-16 - (9 + 7)) + -5 + -1 + -3.
-41
Evaluate 28 + -29 - (-1 - -4) - 3 - 6.
-13
Calculate 10 + -34 + 15 + (5 - 0).
-4
Evaluate 2 - 11 - ((2 - 7) + 4 - 1).
-7
3 - 3 - (-1 + 2) - (-27 - -31)
-5
Calculate 0 + 1 + 4 - (2123 - 2127).
9
Evaluate 41 - 2 - (37 + -21 - 11).
34
21 + (3 - 3) + 0 + (-50 - -47)
18
Calculate -4 + -3 + 0 - (2 - 13 - -3).
1
Calculate (1 - -7) + -16 + (4 - -8).
4
2 - 15 - (6 - 4 - 0)
-15
Evaluate -23 + -3 - (-13 + 2 - -1).
-16
Evaluate -7 + 1 + 11 + (0 - 1 - 7).
-3
Calculate (-1 - (2 - 2)) + (-6 + 5 - -6).
4
What is (49 - 100 - -31) + -1 + 7?
-14
What is the value of 70 + -69 + (-2 - (-1 + 2))?
-2
What is (-5 - -23) + (-28 - -14)?
4
What is the value of (-4 - 1) + -1 - (7 - (6 - 9))?
-16
Calculate (4 - (3 + (5 - -9)) - -6) + 21.
14
Calculate 1 + -6 + 26 + 9 + -15.
15
-16 + (-9 - (-2 + (1 - -6)))
-30
Evaluate 4 - (-6 - 1 - (-48 - -37)) - 4.
-4
Evaluate 17 + -6 + 14 + (-2 + -1 - -4).
26
Evaluate (-16 - (-2 + -7)) + (5 - 5).
-7
What is (-16 - (0 - 7)) + -3 + 6?
-6
What is 22 + (-11 - (-2 + 2)) - 13?
-2
What is 5 - 1 - ((22 - 20) + 8 + 15)?
-21
Calculate -25 + 7 + -6 + 2 - -3.
-19
What is the value of 68 + (-2 - (-14 + 46))?
34
-1 - 2 - -4 - (20 + (4 - -1))
-24
Calculate 1 + 7 + (-7 - -7) + -13.
-5
Evaluate (5 - (1 - 2)) + 21 + -31 + 16.
12
-1 + -34 + 43 + (2 - 1)
9
Evaluate -15 + (-17 + 27 - -9).
4
What is the value of -13 - (-18 + -8) - 37?
-24
Evaluate 85 + -103 - (-2 + -9).
-7
What is the value of (10 - 13) + (5 - -9)?
11
-21 - (-1 - (-12 + (10 - -11)))
-11
What is (-35 - (-16 - 1)) + 7?
-11
Evaluate (-6 - -40) + -7 + (-7 - -6 - 7).
19
Calculate (-21 - -16) + -5 + 3 + -2 + -2.
-11
1 - -1 - (-27 - -21) - 6
2
Evaluate 17 + -22 - (1 - -4).
-10
What is -17 + (4 - 15) + (-2 - 5) + 4?
-31
Evaluate -19 - (2 - -3 - (10 + -5 - 0)).
-19
-3 + 7 - (-4 - -10 - 3)
1
(-19 + 37 - -23) + -9
32
-6 + 48 + (-82 - -35)
-5
What is -1 - 2 - (25 + (-8 - 20))?
0
Calculate (-19 - (-5 + 2) - 3 - 8) + 0.
-27
Calculate 7 + (-5 + 2 + -16 - -7).
-5
Calculate 6 - (-10 - ((8 - 1) + -52) - 4).
-25
Evaluate 8 + 0 + (-64 - -67) + 7.
18
Calculate 17 + -12 + 4 + -2 + -17.
-10
What is 14 + (-16 - 10) + 2?
-10
Calculate -3 + 1 + (24 - 19) + 7 + -17.
-7
What is -12 + (17 - -1 - -24)?
30
Evaluate -1 + 2 + (26 - (-19 - -46)).
0
What is (-12 - (-24 - -19 - -9)) + (-3 - -2)?
-17
What is 1 + -11 + 19 - (-2 + -5)?
16
What is 6 + -5 + 6 + 22 + -18?
11
What is the value of 3 + -8 + 6 - (0 - (-13 - -5))?
-7
What is the value of 8 + -8 + -32 + 32?
0
What is the value of -1 - (-1 + 5) - (-8 + 2)?
1
What is the value of (39 - 3) + (-43 - -25)?
18
Calculate 9 + (-14 - -9) + 14 - 5.
13
-90 + 115 - (0 - -8)
17
What is -10 + (-3 - (14 - 11 - 8))?
-8
Calculate -9 + (17 - (10 - 4) - 9) + 17.
10
What is -11 + -9 + 9 + 1?
-10
What is the value of 19 - (-24 + 29 - -42)?
-28
Calculate (2 - 3) + (-11 - -8) - (-25 + 10).
11
Evaluate (-111 + 121 - (3 + -1)) + (-3 - 7).
-2
-8 + (-26 + 33 - (1 - -6) - 3)
-11
Evaluate -3 + (14 - (-10 + (1 - -10) + 9)).
1
What is the value of (3 - 1 - 2) + 0 + -10 + 6?
-4
Calculate 14 + (26 - 54) + 40.
26
What is 17 - (-10 + 14) - -4?
17
What is the value of 0 + 3 + (839 - 833)?
9
Calculate 10 + 1 - (-362 - -368).
5
Calculate 26 + (3 - (6 + 9)) + 1.
15
Calculate 11 + 3 - (10 + 0) - -7.
11
Evaluate (-36 + 18 - -4) + -3.
-17
What is (-14 - 0) + 17 + 10?
13
Evaluate -8 + 3 + (-8 - -8).
-5
What is the value of 5 + (-37 + -3 + 5 - (-62 + 53))?
-21
What is the value of 9 - (-10 - -1 - (0 + (-37 - -15)))?
-4
Evaluate (1 - 4) + (11 + 1 - (-232 - -220)).
21
What is 7 + (-2 - -3) + (14 - (2 + 15))?
5
Evaluate 6 + (3 - 10) - (4 + -19 + 2).
12
Calculate (-14 - 4) + 6 + 0 + -5.
-17
Evaluate -8 - 74 - -29 - -35.
-18
What is the value of -19 + (1 - ((5 - 10) + 5) - -3)?
-15
What is the value of 33 + -42 + (23 - 4 - -6)?
16
Evaluate (-461 - -483) + 0 + -10.
12
Evaluate -23 - -36 - (0 - -33).
-20
(0 + 1 - -1) + 5 + -1 + -4
2
6 + 2 - (32 + -29)
5
What is the value of 1 + -11 + (-74 - -30 - -56)?
2
Calculate (109 + -118 - (-20 + 1)) + -12 + 24.
22
(4 - (-2 - -3)) + -7 + 20 + -4
12
7 + (-2 - -5 - 10) + -10
-10
Evaluate (-4 - 11) + 5 + 8.
-2
Evaluate (-1 - 7) + -2 + 9 - 16 - -4.
-13
What is 13 + (5 + -9 + 2 - -3) + -3?
11
20 + (13 + 1 - 19)
15
What is the value of 40 + (-6 + (-11 - -14) - 9)?
28
Calculate -8 - (-5 + (1 - -12) + -8 + 6).
-14
11 + 3 + (1 + -6 - -3)
12
-3 + (-5 + 0 - (9 - 14) - -7)
4
What is 1 + 1 + 6 - (7 - -3 - 8)?
6
Evaluate 59 - 45 - (4 - -4).
6
What is the value of -4 + -8 - (-2 + 16 + -2 - 16)?
-8
(1 - 3) + (-26 - -40)
12
-17 - (5 + -6 + -24)
8
Calculate 14 + (-24 - (8 + -17)).
-1
What is (19 + -25 - (-24 + -1)) + -16?
3
What is 3 + (2 - 2) - (2 + 5) - -9?
5
What is 21 + (-9 + (5 - -4) + -4 - -5)?
22
Evaluate 33 + -24 + (-3 - ((-3 - 0) + 4)).
5
What is the value of -12 + (11 + 4 - 4) + (-9 - -1)?
-9
Evaluate (-10 - (4 + -15 + 4)) + -10.
-13
What is 7 + -4 + 0 + 3 + -7?
-1
Calculate 3 + (6 - (-16 - (-19 + -15))).
-9
Calculate (-108 - -112) + -1 + (-1 - 0) + 1.
3
Evaluate -13 + 1 + (-1 + 17 - 11) - -24.
17
What is the value of -5 + -5 + 3 + -3 + 0?
-10
What is the value of (1 - -8) + -140 + 149?
18
Evaluate 17 - (11 + (7 - 17)).
16
What is -47 + 26 + (32 - 42)?
-31
Evaluate 1 + (0 - 2 - 0) + 9.
8
Calculate -24 + -12 + 7 + 3 + 2 + 7.
-17
What is 18 + -41 + -5 + 10 + 11?
-7
What is the value of -30 + 59 + -23 + (-1 - 6)?
-1
Evaluate -3 + -10 + 19 + 5 - (8 - -1).
2
What is -9 + 3 + 13 + -4 + 6 + 8?
17
Calculate (18 - (4 - -16)) + 19.
17
What is -21 - (3 + 13 - 30)?
-7
Calculate 3 - (2 - -6) - 3.
-8
Evaluate (6 - 14) + -1 - -6 - (-1 - 8).
6
What is 17 + (-16 - -29) + -33 - (1 - -4)?
-8
Evaluate -1 + -1 + -5 + 3 + 13.
9
(3 - 0) + -117 + 118 + -1 - 32
-29
Evaluate -4 + (32 - -3) - (63 - 55) - -4.
27
What is (-14 - (15 + -26 - -2)) + 1 + -30?
-34
Evaluate (7 - 2) + (4 - (14 + -30 + -1)).
26
-10 - (19 - 62 - (-3 + -5))
25
Evaluate -9 - (9 - (1 - (-1 - -10) - 2)).
-28
Evaluate -15 + (9 + 0 - (8 + (5 - 8))).
-11
Evaluate 28 + -28 + 13 + -13 - (-7 - 0).
7
Evaluate 45 - (-8 + 38) - -18.
33
What is -17 + -3 + (3 - -1) - -9?
-7
What is -1 + (20 + 19 - 17)?
21
What is the value of 5 + -24 + 16 + -2 + 5 + 